+ 61 = -y*h. Let q = -26 - h. Calculate the remainder when q is divided by 12.
11
Suppose 0*b = -2*b + 3*x + 2, 0 = 2*b + 4*x - 16. Calculate the remainder when 14 is divided by b.
2
Let v = -33 - -38. Calculate the remainder when 13 is divided by v.
3
Let l(z) = -z**3 - 11*z**2 + 9*z - 20. Let j(a) = -a**2 - 1. Let q(o) = 4*j(o) - l(o). Calculate the remainder when 47 is divided by q(-8).
23
Let u(t) = 7*t - 13. Let o(s) = -3*s + 6. Let n(m) = -5*o(m) - 2*u(m). Calculate the remainder when 3 is divided by n(6).
1
Let h(b) = -b**2 - b + 5. Let q be h(8). Let k = -53 - q. What is the remainder when 110 is divided by k?
12
Suppose 145 + 55 = 5*d. Let m = -20 - -33. Let r = d - m. Calculate the remainder when r is divided by 14.
13
Suppose -18*u + 4 + 68 = 0. What is the remainder when 94 is divided by u?
2
Suppose 25 = 44*c - 39*c. Let j = 0 + 0. Let z = c - j. Calculate the remainder when z is divided by 3.
2
Suppose 5*x = l + 119, -3*x + 0*l + 49 = 5*l. Suppose x = 3*y - 19. Calculate the remainder when y is divided by 5.
4
Let r(k) = 2*k**2 - 17*k - 10. Let h be (24/(-4) - -3)*-1. Suppose 5*c = 0, -3*y + 18 = h*c - 18. Calculate the remainder when r(y) is divided by 25.
24
Let x(k) = 2*k**2 + 18*k + 10. What is the remainder when x(-13) is divided by 13?
10
Let i(g) = -16*g - 3. Suppose s = 11 - 8. Suppose 0 = c - 6*c - 25, -s*m - 3*c = 21. What is the remainder when 55 is divided by i(m)?
26
Calculate the remainder when 315 is divided by (73 - 4) + -6 - -1.
59
Let j be 0 + 0 + 4 - 0. What is the remainder when -3 + 1 - (j - 18) is divided by 7?
5
Suppose 225 = 2*h - 123. What is the remainder when h is divided by 77?
20
Suppose -1 = 4*g - 5, 0 = -r - 5*g + 47. What is the remainder when 119 is divided by r?
35
Let x = -86 - -90. Calculate the remainder when (-2)/(-1 - -5)*-14 is divided by x.
3
Let d(u) = u**3 - 16*u**2 + 17*u - 5. Suppose -137 - 274 = -4*s - 3*b, 0 = -s - 5*b + 124. What is the remainder when s is divided by d(15)?
24
Suppose 7*a - 2*a - 230 = 0. Suppose -a = i - 48. Suppose -v - 3*r + 23 = 0, 5*r + 19 = 5*v + 4. What is the remainder when v is divided by i?
0
Suppose 0 = 8*t + 106 + 110. Let h(q) = -q**2 - 28*q + 33. What is the remainder when 238 is divided by h(t)?
58
Let u(w) be the third derivative of -w**4/4 + 5*w**3/6 - 8*w**2. Let h = 5 - 9. Calculate the remainder when 57 is divided by u(h).
28
Let x(p) = -p**3 + 17*p**2 + 16*p + 22. Let d be 616/34 + (-32)/272. Let w be x(d). Let a = -1 - w. What is the remainder when 88 is divided by a?
10
Let p be -4 - 9*(4 + -5). Let s(a) = -5*a + 35. What is the remainder when 55 is divided by s(p)?
5
Suppose 0 = -5*c + 127 - 27. What is the remainder when 82 is divided by c?
2
Let w = 155 + 18. Suppose -5*g - 65 = -2*z, 0 = -6*z + 3*z - 3*g + 108. Calculate the remainder when w is divided by z.
33
Calculate the remainder when 28 is divided by 22*((-4)/(-30) + 77/210).
6
Suppose -a = -o - 8, 2 = 2*a - 4*o - 4. Suppose -5*i + 305 = 5*m, 22 + 173 = 3*m - 3*i. What is the remainder when m is divided by a?
11
Let k be 0*6/(-60)*-2. Let w(a) = a**3 - 2*a + 31. What is the remainder when 153 is divided by w(k)?
29
Let b(z) = -4*z - 13. Let y be b(-3). What is the remainder when ((-14)/8)/(0 - y/(-12)) is divided by 2 + (6*2)/2?
5
Calculate the remainder when 22 is divided by 2/6 + 0 + (-105)/(-9).
10
Let n be (-1)/3 + ((-480)/18)/(-8). Suppose u = -3*q + 9, -q = -5*u - n*q + 71. Calculate the remainder when u is divided by 9.
6
Let f(m) = -4*m**2 + 21*m + 5. Let c(s) = -s**2 + 7*s + 2. Let z(h) = 7*c(h) - 2*f(h). Let y be z(-7). What is the remainder when 34 is divided by 710/40 + 1/y?
16
Let k = -137 - -207. Suppose -2*x + k = -0*x. Suppose 2*u + 4*i = 3*u - x, 0 = 5*u - 4*i - 143. Calculate the remainder when u is divided by 7.
6
Let w(j) = -2*j + 54. Calculate the remainder when w(20) is divided by 13.
1
Let n = 6 + -4. Suppose n*l = -2*i + 30, -2*i - i = -l - 49. Suppose 0 = -13*p + 432 - 29. Calculate the remainder when p is divided by i.
15
Let o = 19 + -14. Suppose g - 2*v = 5*g - 14, -o*v = g + 10. What is the remainder when 19 is divided by g?
4
Let k(y) be the third derivative of y**6/120 - y**5/30 - y**4/6 - y**3/2 - 148*y**2. Suppose -j + 5*j = 16. What is the remainder when 38 is divided by k(j)?
12
Let z be 76/(-1)*(-4)/(32/30). Suppose -2*a = 5*b - 137, b - z = -4*a + 2*b. Calculate the remainder when a is divided by 9.
8
Let c = 4 - 1. Suppose 5*j = 5*z - 4*z + 114, -j - 3*z + 26 = 0. What is the remainder when j is divided by c?
2
Let n(f) = 18*f + 640. What is the remainder when n(-13) is divided by 41?
37
Let h(f) = f**2 - 3*f - 8. Let t = 3 - -4. What is the remainder when 37 is divided by h(t)?
17
Let v(r) = -2*r**3 - 7*r**2 - 7*r + 14. Let m(z) = z**3 + z**2 - 1. Let j(h) = 3*m(h) + v(h). What is the remainder when j(5) is divided by 1?
0
Suppose 5*t - m + 7 - 52 = 0, -4*m = -2*t. Let c(h) = h**3 + 6*h**2 + 4*h - 3. Let v be c(-5). Let j = 41 - v. Calculate the remainder when j is divided by t.
9
Let h(r) = -r**3 - 13*r**2 + 14*r + 2. Suppose 0 = 4*b + 27 + 29. Let o be h(b). Suppose -60 = -0*i - o*i. Calculate the remainder when i is divided by 8.
6
Let p(u) = 21*u**2 + 2. Let x(i) = i**2 - 6*i + 4. Let b be x(1). Calculate the remainder when p(b) is divided by 6.
5
Let x = -16 + 19. Suppose -4*m + 54 = -x*m. Calculate the remainder when m is divided by 19.
16
Suppose 2*o = 8*o + 378. Let p = o + 136. What is the remainder when p is divided by 37?
36
Let i(j) = j**2 + 8*j - 7. Let y be i(-9). Suppose -4*r - 225 = -5*k, 5*r = -y*k - 21 + 144. Let z = k - 30. Calculate the remainder when 36 is divided by z.
17
Suppose -m + 3*c = -105, -368 = -4*m + 3*c - 4*c. Calculate the remainder when m is divided by 11.
5
Suppose 3*f = -12, 2*c + f = -2*c + 376. Let y = c - 51. Suppose -y = -2*b + 14. What is the remainder when b is divided by 16?
13
Let f(o) = -53*o**3 + o**2 - 2*o - 3. Let w be f(-1). Let s = -47 + w. What is the remainder when 20 is divided by s?
2
Let d be (2*75/6)/(-1). Let n = d - -52. What is the remainder when 75 is divided by n?
21
Calculate the remainder when 15*(-8)/(-540) - 11174/(-18) is divided by 104.
101
Suppose -18 = -2*g + 5*h, -13*h + 36 = 4*g - 10*h. What is the remainder when 476 is divided by g?
8
Let o = -219 - -230. Calculate the remainder when 85 is divided by o.
8
Let x = -249 - -321. Calculate the remainder when x is divided by 23.
3
Let q = -57 + 51. Let v(i) = i**3 + 4*i**2 - 16*i - 9. What is the remainder when 27 is divided by v(q)?
12
Suppose -2*j = -4*l - 20 - 148, -351 = -4*j + 3*l. Calculate the remainder when j is divided by 19.
14
Suppose -5*b = -22 - 363. What is the remainder when 536 is divided by b?
74
Let a be (-6)/4*4/12*30. Suppose -c - z + 0 - 7 = 0, -3*c + 5*z + 11 = 0. Let l = c - a. What is the remainder when 34 is divided by l?
10
Suppose 33 + 35 = 4*m. Let w be 3 - (-3)/(-4 - -3). Suppose 4*r + 16 = w, -u - 152 = -6*u - 2*r. What is the remainder when u is divided by m?
15
Let o = 909 + -887. Calculate the remainder when 240 is divided by o.
20
Let t = -4 + 3. Calculate the remainder when t + -2 - 95/((-3)/3) is divided by 19.
16
Suppose 0 = -5*r - 6 + 146. Suppose 0 = 2*n - 2*t - r, 5*t + 4 = n - 14. Let c(u) = u**3 + 8*u**2 - 2*u + 7. What is the remainder when c(-8) is divided by n?
10
Suppose -i - 80 = -3*g, i - 136 = -3*g - 2*g. Let v(y) = -5*y + 104. What is the remainder when v(-6) is divided by g?
26
Suppose -5*f - 5*y + 652 = 77, 0 = -3*f - 2*y + 340. Let i = 47 - 9. What is the remainder when f is divided by i?
34
Suppose 3*f - 4 = -22. Let v(w) = w**2 - 2*w + 17. Calculate the remainder when v(f) is divided by 36.
29
Let o(b) = 3*b - 4. Let d be o(-4). What is the remainder when 135/(-6)*d/24 is divided by 4?
3
Suppose 5*c + 3*i + 0*i - 151 = 0, -3*c = 4*i - 84. What is the remainder when 191 is divided by c?
31
Let k(r) = 11*r**2 + 3*r + 7. Let v be k(-2). Let q = 4 + v. Calculate the remainder when 241 is divided by q.
45
Suppose 2*c - 29*c + 486 = 0. What is the remainder when 67 is divided by c?
13
Suppose -5*o = -u + 44, -26*o = -2*u - 21*o + 73. Calculate the remainder when 170 is divided by u.
25
Let a = 126 + -73. Let k(t) = 7*t. Let m be (3 + -1)*(-1 - -2). Calculate the remainder whe